are the prime factors of (28/6)/((-10)/h)?
7
Let k = -130 - -227. List the prime factors of k.
97
Let q(w) = 12*w**2 - 15*w - 2. Let y(a) = 6*a**2 - 8*a - 1. Let l(f) = 6*q(f) - 11*y(f). Let i = -2 - -1. List the prime factors of l(i).
7
Let t(m) = -m**3 + 4*m**2 + 4*m + 3. List the prime factors of t(4).
19
Let k = 5 - 4. Let q be k/3 - (-24)/9. Suppose -30 = -q*t + t. List the prime factors of t.
3, 5
Suppose -6*z + 128 = -5*z + 3*r, -397 = -3*z + 4*r. What are the prime factors of z?
131
Let a be (-50)/(-20) + (-1)/(-2). What are the prime factors of (140/12 - -3)*a?
2, 11
What are the prime factors of 2/(-4) + (-222)/(-12)?
2, 3
List the prime factors of -1 + -2 - (-372)/6.
59
Let v(u) = -2*u**2 - 4*u + 1. Let h be v(-2). List the prime factors of 28/(h/(0 - -1)).
2, 7
Suppose -l + 5*l - 12 = 0. Suppose -l*x + 38 = -x. What are the prime factors of x?
19
Let y = -44 + 84. Let z = y + -29. Let u = -8 + z. What are the prime factors of u?
3
Suppose -h - 2*h = -27. What are the prime factors of h?
3
Let z be 0/(-2) - (-240)/(-12). Let s = z - -49. List the prime factors of s.
29
Let b(v) = v**2 - 16*v - 3. List the prime factors of b(18).
3, 11
Let z(h) = 2*h**2 + 19. List the prime factors of z(-5).
3, 23
Let w be (-2 - 2/2) + 13. Suppose -4*r + 2*r = -w. Suppose r*o = 18 + 7. What are the prime factors of o?
5
Suppose 0 = -0*o - 3*o + 3. Let y be (-1)/1*(o - 0). List the prime factors of y/(1/(-2))*4.
2
List the prime factors of (-12 + 9)/((-9)/1056).
2, 11
Let a be 4/1*3/4. Let y = 8 - a. List the prime factors of y.
5
Suppose 5*l - 14 = 1. Suppose 4*t = -l + 99. What are the prime factors of t?
2, 3
Let j = 147 - 81. List the prime factors of (-4)/8 - j/(-4).
2
Let k = -78 + 140. Let o = k - 32. What are the prime factors of o?
2, 3, 5
Suppose 0 = 6*t - 4*t - 62. Suppose 2*w + w + 9 = -3*i, -5*i = -3*w + t. Let l = 6 - i. List the prime factors of l.
11
Let r(j) = 3*j**2 - 6*j + 10. Let l(b) = 8*b**2 - 18*b + 29. Let t(o) = -4*l(o) + 11*r(o). Let h be t(-5). What are the prime factors of 1 + h*(-1 + 0)?
2, 3
Suppose -2*h = -6, -3*h = x + h - 28. Suppose a + 5*i - x = 0, 5*a - i + 6 = 138. List the prime factors of a.
2, 13
Suppose -o - 6*b + b = 11, 10 = 4*o + 2*b. Let v be 29/9 - (-2)/(-9). Suppose -2*q - v*q - o*u = -72, -2*u - 6 = -q. List the prime factors of q.
2, 3
Let q = -13 + 18. List the prime factors of q.
5
Suppose -118 = -5*z - 13. List the prime factors of 0 + z + (-12)/4.
2, 3
Let m(a) = -a**3 - 13*a**2 - 15*a + 1. Let w be m(-12). Let z = 53 - w. What are the prime factors of z?
2
Suppose 2*o - 4*o + 26 = 0. Let g be -1 - ((2 - 2) + 7). Let f = o + g. List the prime factors of f.
5
Let y = 65 - 44. Let o = 12 + -12. Suppose -2*w = -a + 12, -a + w - 2*w + y = o. What are the prime factors of a?
2, 3
Suppose -3*i = i + 4. List the prime factors of i/(-2*2/100).
5
Let k(h) = 2*h + 16. Let w be k(-7). What are the prime factors of (4 + w)*(15 + -7)?
2, 3
Suppose -3*n = -8*n + 25. Suppose -n*f = -2*f. Suppose -3*r = 3*v - 27, -5 = -f*r - r + v. What are the prime factors of r?
7
Suppose -3*s + 15 = 2*s. Suppose 3*o - 7 = -1. List the prime factors of o - (-4 + (-6)/s).
2
Let u(d) = d**2 + 9*d - 2. List the prime factors of u(-10).
2
Let z(j) = j**3 + 5*j**2 - 5*j + 5. Let d be z(-6). What are the prime factors of d/(-2) - (-70)/20?
2
Let s(m) be the second derivative of -5*m**3/6 + 3*m. List the prime factors of s(-2).
2, 5
Suppose 8*m - 3*m + 20 = 2*v, 0 = -5*m + v - 20. What are the prime factors of -15*(48/10)/m?
2, 3
Let p(y) = y + 25. What are the prime factors of p(-17)?
2
Let j(f) = f - 21. Let p be j(7). What are the prime factors of (-188)/(-6) - p/21?
2
Let y(f) be the first derivative of f**4/4 - 3*f**3 - 5*f**2/2 - 10*f - 3. Let t be y(10). Let m = t + -23. List the prime factors of m.
17
Let c(k) = 2*k + 3*k - 7 + 0*k**2 + k**2. Let g(i) = i - 3. Let l be g(-4). List the prime factors of c(l).
7
Let b be 6 + -4 - (-9 - 0). Suppose 3*g - 6*g = -3. Let y = b - g. List the prime factors of y.
2, 5
Let a = 3 + -6. Let k be 3/(-2)*4/a. Suppose -k*d - 8 + 0 = 0, 4*c = 3*d + 36. List the prime factors of c.
2, 3
List the prime factors of ((-24)/(-12))/((-4)/(-58)).
29
Suppose 8 = -4*z, -o + 4*z - 9 = 26. List the prime factors of -1*(o - -4) + -1.
2, 19
Let u be (-70)/(-4) + 1/2. Let p be u*((-8)/6 + 2). Suppose 2*d - p = -d. What are the prime factors of d?
2
Suppose -37 = -5*a - 2*l + 3, 3*a = -4*l + 24. What are the prime factors of a?
2
Suppose 52 = d - 2*i, -2*d - i = -3*d + 47. List the prime factors of d.
2, 3, 7
Suppose 0*k + 14 = 2*k - 5*g, -2*k - 2*g = 0. Suppose -k*i + 60 = -4. List the prime factors of i.
2
Suppose 2*b - 2*i - 134 = 0, -5*b - i + 386 = 69. What are the prime factors of b?
2
What are the prime factors of (4 - 3)*(3 - -4)?
7
Let n(c) = 5*c + 26. List the prime factors of n(12).
2, 43
Let o(g) = 10 - 6*g**2 - 4*g - g**3 - 3*g - 3*g**2. Let j be o(-8). Suppose 0 = -f + 4 + j. List the prime factors of f.
2, 3
Let a = 7 + -2. Let d = a - 3. List the prime factors of d.
2
Let s(b) = b**3 + 5*b**2 - 5*b + 6. Let o be s(-6). Let h be -3 - ((1 - o) + 0). What are the prime factors of h/(-14) + (-225)/(-21)?
11
Suppose 2*t = 0, 4*b - 1151 + 39 = -3*t. What are the prime factors of b?
2, 139
Suppose -3*i - i = -12. Suppose -3 = j - i*f, -j - 6*f + 9 = -5*f. What are the prime factors of j?
2, 3
Suppose -3*b + 2*u + 86 = 0, -16*u = 4*b - 19*u - 116. List the prime factors of b.
2, 13
Let g(v) = 17*v - 3. Let m be g(3). Let u(s) = s**3 + 7*s**2. Let c be u(-7). Suppose 4*o - m = -c*o. List the prime factors of o.
2, 3
Suppose -4*h - 3*p + 450 + 250 = 0, -p - 684 = -4*h. List the prime factors of h.
2, 43
Let u(d) = -9*d - 12. List the prime factors of u(-5).
3, 11
Let w = -8 + 2. Let g = 0 - w. Suppose 0 = 2*k - g. What are the prime factors of k?
3
Suppose c - 4*c + 54 = 0. Let p = c + -2. List the prime factors of p.
2
Let u = -28 - -111. What are the prime factors of u?
83
Let q = 2 + -2. Let w = 7 + q. Suppose -4*v = -w*v + 27. List the prime factors of v.
3
Let f(v) = -v**3 + 7*v**2. Let i be f(7). Suppose 12 = 3*g - 2*t, 2*t + 2*t - 4 = -g. Suppose -w + g + 0 = i. List the prime factors of w.
2
Suppose -4*a + 340 = 4*s, 5*s - 39 = -4*a + 303. Suppose -5*l + a - 23 = 0. What are the prime factors of l?
2, 3
Let y(q) = -15*q**3 - 1. Suppose -12 = 5*w - 7. What are the prime factors of y(w)?
2, 7
Suppose 2 = y + 6*z - 3*z, 0 = 4*y + 2*z - 8. Suppose -7*q + y*q = -20. What are the prime factors of q?
2
Let n = -203 + 465. List the prime factors of n.
2, 131
Suppose 9*k = 4*k + p + 413, -2*p = k - 76. List the prime factors of (k/4)/(5/10).
41
Suppose 3*o - 2*o + 10 = 0. What are the prime factors of (-4)/o - (-132)/20?
7
Let q(b) = 2*b**2 + 13*b + 10. What are the prime factors of q(-8)?
2, 17
Let z(y) = -3*y**2 - 11*y - 3. Let a be z(-3). Suppose 3*b + 3*v = 21, 5*b + v - 11 = 2*b. List the prime factors of (3 - 1)*(a - b).
2
Let k be (2/(-4)*-2)/1. Let v = 3 + k. Suppose 0 = -4*t + v*h + 22 + 26, 3 = h. What are the prime factors of t?
3, 5
Suppose 4*c - 81 = 47. Suppose 4*x = -2*u + c, 11 = x + 2*u - 3. List the prime factors of x.
2, 3
Suppose 0 = v - 0*v - 24. Suppose -2*l + 10 + v = 0. Let k = l + -12. List the prime factors of k.
5
Let k be (3/(-3))/(-1) - 2. What are the prime factors of (-2)/(k - 30/(-34))?
17
Let r(g) = 4*g**3 + 0*g**2 + g - g**2 - 5*g**3 - 1 + 4*g**3. Suppose x = -2*o + 7, -5 = 5*o - 0*o - 2*x. List the prime factors of r(o).
2
Suppose 0 = -5*c + 504 + 146. Suppose 5*w - 5*o - c = 0, 3*w - o - 62 = -2*o. What are the prime factors of w?
2, 11
Let u = 55 + -110. Let i = 78 + u. List the prime factors of i.
23
Let a = -27 - -67. List the prime factors of a.
2, 5
Let c = -2 - -1. Let x be 50/4 + c/2. Suppose -x = 4*o - 80. What are the prime factors of o?
17
Let k(z) = 2*z**3 + 6*z**2 + z - 1. Let u be k(-5). Let b = u - -54. List the prime factors of b/(-14) - 2/(-7).
2
Let c(r) = -5*r**3 + r**2 - 1. Let w be c(-1). What are the prime factors of 43 + w + 2 + -4?
2, 23
Suppose 0*w + w - 4 = 0. What are the prime factors of w?
2
Suppose 0*u + 51 = u. List the prime factors of u.
3, 17
Let x be 2/6 + 106/6. List the prime factors of 6/(-27) - (-112)/x.
2, 3
Let u(n) = n**2 - 1